*(105/(-9) - 1)?
19, 23
Let r(q) = -q + 166. What are the prime factors of r(0)?
2, 83
Suppose 2*q + 11 = 15. Suppose 0 = 4*w + 5*a - 9, -2 + 5 = 5*w - q*a. What are the prime factors of (w - (-74)/(-10))*-5?
2
Suppose 11951 = 21*v - 29020. What are the prime factors of v?
1951
Suppose 2*h - 6*z + 2*z = 138, 0 = h + 3*z - 69. Let u be -2 + 3 + h/3. What are the prime factors of 19/3 - 8/u?
2, 3
Suppose 4*p + 66092 = 45*p. What are the prime factors of p?
2, 13, 31
Let d(o) be the second derivative of -o**5/20 + 7*o**4/6 - 13*o**3/6 - 10*o**2 + 25*o. What are the prime factors of d(12)?
2, 7
Let j be 3/(-6) - 84/(-8). Let x(s) = s**3 - 7*s**2 + 5*s - 24. List the prime factors of x(j).
2, 163
Let x(v) = 4*v + 152. Let u(g) = 12*g + 457. Let b(k) = 3*u(k) - 8*x(k). What are the prime factors of b(0)?
5, 31
Let q = 224 + -95. List the prime factors of (q - 5)*(-9)/(-12).
3, 31
Suppose -10*u = -6*u - 136. Suppose -2*l - 5*i = -u, -i + 70 = 5*l + 4*i. What are the prime factors of l?
2, 3
Let y(w) = -13*w**3 - w**2 - 18 - 15 + 5*w + 5*w**3 + 45. List the prime factors of y(-2).
2, 31
Let m = 9 - 9. Suppose m = -14*l + 15*l - 6. What are the prime factors of (14/l)/(4/84)?
7
Let b(c) = 8*c**2 - 10 - c - 10 - 2*c + 17. What are the prime factors of b(3)?
2, 3, 5
Let h(m) be the first derivative of -10*m**2 - 5*m - 3. List the prime factors of h(-3).
5, 11
Suppose -2*a = -4*q + 210, -2*a = -5*a + 2*q - 315. List the prime factors of a/(-2)*2/3.
5, 7
Let q = -7 - -4. Let t be 8/4 + q - -1. Suppose -c + 5*c - 76 = t. List the prime factors of c.
19
Suppose 0 = -11*c + 7*c + 8. Suppose c*r - 1 = 3. What are the prime factors of r?
2
Suppose 3*h - 2273 = j, 0 = 3*h + h + j - 3026. What are the prime factors of h?
757
Let n = 3 + 0. Suppose n*a - 33 + 18 = 0. Suppose c - 5*c - 3*y = -35, 2*c + a*y = 21. List the prime factors of c.
2
Let o(f) = 2 + 1 + f**2 - 1 - 2*f + f**2. What are the prime factors of o(6)?
2, 31
Let n = -44 - -44. Suppose n = 4*h + 3*h - 686. What are the prime factors of h?
2, 7
Suppose 3*d - 5*d = 0. Suppose -69 = 3*u - d*u. Let t = u + 38. List the prime factors of t.
3, 5
What are the prime factors of (22/8)/(-2*(-2)/16)?
11
Let l(t) = 18*t**2 - 29*t + 97. What are the prime factors of l(4)?
269
Let d(u) be the first derivative of 0*u + 4/3*u**3 - 1/4*u**4 - 8 + 1/2*u**2. List the prime factors of d(4).
2
Let t = 9 - 5. Suppose -5*j = 5*n - 705, 0 = -t*j + n - 2*n + 573. What are the prime factors of j?
2, 3
Let b = -169 + 151. What are the prime factors of (-1724)/(-6) - (b/27 - -1)?
7, 41
Suppose -3*w + 4069 = 5*r - 4575, -8 = 2*r. What are the prime factors of w?
2, 19
Let d(m) = -m**2 - m + 49. Let s be d(0). Let t = s - -103. What are the prime factors of t?
2, 19
Suppose -5*u + 20 + 5 = 0. Suppose 2*t + 189 = u*t. List the prime factors of t.
3, 7
Let u(i) = 14*i**2 + 39*i + 274. What are the prime factors of u(-10)?
2, 3, 107
Let h = 4 + -2. Let z(w) = 4*w**2 + 6*w - 5. What are the prime factors of z(h)?
23
Let s = 40 + -18. Let k = s + 190. What are the prime factors of k?
2, 53
Suppose a - 2*w - 13 = 0, -1 = 4*a + 4*w - 5. Suppose -a = -0*q - q. Suppose -117 = q*u - 387. List the prime factors of u.
2, 3
Let a = 6 + -6. Suppose a = 2*o - 17 - 77. List the prime factors of o.
47
Let p be (9/2)/(-3)*(-7 + -7). List the prime factors of (540/p)/((-1)/(-7)).
2, 3, 5
Suppose 3*o = 3*b + 1068, -5*o = -17*b + 15*b - 1786. What are the prime factors of o?
2, 179
Suppose 267 = 2*y + 5*s, -29*s + 630 = 5*y - 24*s. List the prime factors of y.
11
Let u(i) = 2*i - 1. Suppose 4*r + 3*h = -3 - 14, 0 = -2*r + h - 1. Let v be u(r). Let q = v - -19. What are the prime factors of q?
2, 7
Suppose -11*a = -12*a + 70. Suppose 0 = -2*q + a + 38. List the prime factors of q.
2, 3
Suppose -z - 5425 - 2792 = -5*q, 2*q - 3278 = -4*z. What are the prime factors of q?
31, 53
Let r(v) be the third derivative of -1/3*v**3 + 6*v**2 + 1/4*v**4 + 0*v + 0. What are the prime factors of r(5)?
2, 7
Let c be 3 - (-32 + 0/1). Let u(v) = v**3 + 6*v**2 - 2*v - 6. Let r be u(-6). Let y = c - r. What are the prime factors of y?
29
Suppose 12*i = 1263 + 21. Suppose 2*b = 205 + i. List the prime factors of b.
2, 3, 13
Let c be (-168)/(-28)*29/2. Suppose 3*h = 2*h + c. What are the prime factors of h?
3, 29
Suppose -108*z + 107*z + 85 = 0. Let q = 147 + z. What are the prime factors of q?
2, 29
Let v = -1600 - -2752. List the prime factors of v.
2, 3
Suppose 36*m - 9620 = 9964. What are the prime factors of m?
2, 17
Let l be 66/15 - 8/20. Let d be 1/(-1) - (-4)/l. Suppose d*o - o + 3*z + 6 = 0, 5*o - 87 = -4*z. List the prime factors of o.
3, 5
Let u(o) = 51*o**3 - 15*o + 27. List the prime factors of u(3).
3, 151
Let a be (0 + -2)*2*-1. Suppose -a*p - 48 = -3*p. Let g = p + 78. List the prime factors of g.
2, 3, 5
Let r = 4081 - 1101. Suppose -4*j + r = -5*m, -1071 = 5*m + j + 1934. List the prime factors of m/(-21) - (-4)/(-7).
2, 7
Let s(d) = d**3 + 5*d**2 - 5*d. Let v be s(-6). Let r(y) = y - 25. Let k(h) = 5. Let u(b) = -22*k(b) - 4*r(b). What are the prime factors of u(v)?
2, 7
Suppose -3*c - 2 = -2*c. Let i = 1 - c. Suppose i*y + 1 = 49. What are the prime factors of y?
2
Let j(p) = -p**2 - 4*p - 2. Let m be j(-1). What are the prime factors of -4 + m + (84 - -1)?
2, 41
Suppose 3*v - 4*p = 2*v + 14, -p + 2 = 0. Let a = v + -19. Suppose 125 = 5*w - 0*x - a*x, w + 2*x = 25. What are the prime factors of w?
5
Suppose 1184*k = 1185*k - 829. What are the prime factors of k?
829
Let z = -1 - 1. Let u(p) = 12*p**3 + 7*p**2 + 13*p - 8. Let i(m) = -3*m**3 - 2*m**2 - 3*m + 2. Let x(c) = 9*i(c) + 2*u(c). What are the prime factors of x(z)?
2, 3
Let i(z) = z**3 + 3*z**2 + 4*z + 2. Let w be i(-2). Let v be -10*-3*w/(-10). Let c = 10 + v. List the prime factors of c.
2
Suppose 0 = -2*n + 180 + 36. Let u = -64 + n. List the prime factors of u.
2, 11
Let h(y) = -25*y + 10. Let f be h(-7). Suppose o + o = -5*t + 115, 4*o + t - f = 0. List the prime factors of o.
3, 5
Suppose -16*i - 875 = -23*i. List the prime factors of i.
5
Suppose -76 = -2*n - 4*r, -r + 6 = 4*n - 160. Suppose a - 2*z - n + 4 = 0, 2*a = -2*z + 100. What are the prime factors of a?
2, 23
Let w(s) = 1 - 6 + 14*s + 4*s - 7*s. List the prime factors of w(12).
127
Suppose -22*z + 14982 + 4378 = 0. What are the prime factors of z?
2, 5, 11
Let j be (-4)/16 + (-6436)/(-16). Suppose j = 2*v - 5*q, -204 - 739 = -5*v - 3*q. Suppose 5*r + y + 0*y = v, 2*r = 2*y + 86. List the prime factors of r.
3, 13
Suppose 0 = -76*l + 83*l - 3969. List the prime factors of l.
3, 7
Let c = 148 + -81. Suppose -3*j + c = -68. List the prime factors of j.
3, 5
Let r(f) = 93*f + 49. List the prime factors of r(5).
2, 257
Let b(k) = 51*k - 202. What are the prime factors of b(52)?
2, 5, 7
Let r(y) = 11*y**3 + y - 4. Let f be r(3). Suppose -4*a + 5 = -5*u + f, -292 = -5*u + 3*a. List the prime factors of u.
59
Let t be 714 - -1 - (-16 - -20). Let v = t - 477. List the prime factors of (4/(-8))/((-3)/v).
3, 13
Let r(i) = -i - 3. Let o be r(-6). Suppose 0*n - p = -3*n + 337, o*n = -p + 347. What are the prime factors of n?
2, 3, 19
Suppose -q + 2 = -1, -q + 9 = 3*k. Suppose -15 = -k*t + 7*t. What are the prime factors of (-32)/t - 8/(-24)?
11
Suppose 22 = 7*k + 4*k. Suppose -x + 3*g + 41 = 17, 0 = -k*x - 3*g + 3. What are the prime factors of x?
3
Suppose 2*r + 0*r = 0. Let p be -4 - r/(1 + -5). List the prime factors of (p/(-3))/(4/102).
2, 17
Let h = -2060 + 4346. What are the prime factors of h?
2, 3, 127
Suppose 7*s - 9986 = -116. List the prime factors of s.
2, 3, 5, 47
Suppose 573 = 6*j + 81. What are the prime factors of (3/(-2))/((-1)/j)?
3, 41
Suppose -f - 3*f - 10 = 5*k, -2*f = -4*k + 18. What are the prime factors of -2 - (-158 + f + -3)?
2, 41
Let o(u) = u**2 - 14*u + 3. Let f be o(14). List the prime factors of (-3)/(9/(-78)) - (1 + f).
2, 11
Suppose -3452 + 1143 = -i - 5*x, -4*i - 4*x + 9172 = 0. What are the prime factors of i?
3, 7, 109
Let x(g) = g**3 + 11*g**2 + 2*g - 12. Let d be x(-11). Let q be 5/15 - d/6. Suppose -q*p + 2*p = -64. What are the prime factors of p?
2
Let f(q) = q**3 - 2*q + 12. Let x be f(0). Let c be (-2 - 12/(-4))*x. Suppose 5*g - c = 43. List the prime factors of g.
11
List the prime factors of (